(i) = -2*i**2 - 95*i + 227. Give p(-50).
-23
Let r(m) = 48*m - 1508. Determine r(32).
28
Let p(k) = k**2 + 88*k - 447. Give p(5).
18
Let b(i) = -i**3 + 12*i**2 + 265*i - 2850. Determine b(10).
0
Let c(l) = 49*l**2 + 6*l - 7. Determine c(1).
48
Let z(c) = 2*c**3 - 24*c**2 + 9*c + 44. Give z(11).
-99
Let q(f) = -31*f - 486. Give q(-14).
-52
Let c(u) = -u**3 - 15*u**2 - 5*u + 164. Calculate c(-14).
38
Let d(l) = -8*l - 142. Determine d(-22).
34
Let z(j) = -j**2 + 35*j - 13. Give z(36).
-49
Let y(x) = 2*x**2 + 18*x - 1. Calculate y(5).
139
Let p(k) = 7*k + 10. Determine p(-3).
-11
Let f(u) = -6*u**3 - 7*u**2 - 4*u + 7. What is f(-3)?
118
Let m(b) = b**2 + 46*b + 4. Give m(-44).
-84
Let q(l) = l**3 - 5*l**2 - 58*l + 45. What is q(-6)?
-3
Let i(w) = -2*w**3 - 21*w**2 - 48*w + 28. Give i(-6).
-8
Let g(i) = 12*i + 312. Calculate g(-32).
-72
Let u(p) = 2*p - 34. Give u(5).
-24
Let g(c) = 457*c + 154011. What is g(-337)?
2
Let o(r) = 13*r + 83. Give o(-8).
-21
Let d(v) = -3*v**3 - 13*v**2 - 34*v - 51. Give d(-3).
15
Let m(x) = -21*x + 325. What is m(35)?
-410
Let h(d) = 2025*d - 8052. Determine h(4).
48
Let i(b) = -156*b - 11534. Give i(-74).
10
Let n(s) = 205*s - 3489. Determine n(17).
-4
Let k(c) = -c**2 + 74*c - 588. Calculate k(65).
-3
Let f(d) = -567*d + 6. Determine f(0).
6
Let k(b) = -22*b - 358. Give k(-23).
148
Let a(b) = 34*b**2 - 271*b - 5. Determine a(8).
3
Let c(f) = -f**3 + 2*f**2 + 27*f - 11. Determine c(5).
49
Let b(n) = n**3 - 70*n - 34. Give b(11).
527
Let m(w) = -123*w - 1376. Determine m(-11).
-23
Let v(o) = -93*o + 1399. Give v(15).
4
Let g(u) = 2840*u - 22832. Calculate g(8).
-112
Let m(n) = -n**3 + 16*n**2 - 13*n + 8. Calculate m(14).
218
Let j(l) = l**2 - 20*l + 7. Calculate j(-4).
103
Let s(n) = 81*n - 295. What is s(4)?
29
Let w(t) = 49*t + 842. Give w(-18).
-40
Let l(m) = m**3 - 66*m**2 + 65*m - 13. Give l(65).
-13
Let o(g) = 8*g**3 - 74*g**2 + 83*g - 12. Give o(1).
5
Let p(v) = v**3 - 144*v - 279. What is p(-2)?
1
Let r(z) = -z**3 + 19*z**2 + 106*z - 18. Determine r(24).
-354
Let d(c) = 3*c**3 + 81*c**2 + 528*c - 2. Give d(-16).
-2
Let v(y) = -y**2 - 45*y + 772. Determine v(15).
-128
Let c(z) = -601*z + 1022. Give c(2).
-180
Let u(q) = q**3 + 4*q**2 - 82*q - 113. Determine u(-12).
-281
Let j(n) = 49*n**3 - n**2 + 106*n - 106. Give j(1).
48
Let j(v) = -v**2 + 8*v + 977. Determine j(-28).
-31
Let g(j) = 11*j**3 + 84*j**2 - 87*j + 2. Give g(1).
10
Let t(a) = 91*a - 352. Determine t(11).
649
Let i(q) = -8*q**2 - 21*q + 2. What is i(-3)?
-7
Let z(o) = 176*o + 13098. What is z(-74)?
74
Let c(z) = -220*z - 1324. Give c(-6).
-4
Let o(k) = k**2 + 8*k - 870. Determine o(-34).
14
Let w(d) = -d**3 - 8*d**2 - 85*d - 671. Give w(-8).
9
Let y(j) = 552*j + 698. Give y(-4).
-1510
Let n(h) = 10*h**2 - 53*h + 48. Give n(1).
5
Let g(q) = 118*q - 1960. Calculate g(16).
-72
Let i(s) = -s**2 - 4844*s - 19356. Give i(-4).
4
Let o(j) = 200*j**2 - 2200*j - 1. What is o(11)?
-1
Let c(m) = 101*m + 3439. Determine c(-34).
5
Let a(b) = -21850*b - 109245. What is a(-5)?
5
Let g(v) = 2292*v - 34381. Give g(15).
-1
Let q(c) = -c**2 - 47*c - 87. Determine q(-44).
45
Let a(x) = x**3 + 74*x**2 + 288*x + 589. Give a(-70).
29
Let k(p) = p**3 - 21*p**2 - 26*p - 11. Calculate k(22).
-99
Let g(i) = 2*i**2 + 52*i + 46. Determine g(-24).
-50
Let m(z) = z**3 - 3*z**2 + 134*z - 514. What is m(4)?
38
Let q(f) = -380*f - 10632. Give q(-28).
8
Let n(c) = 28*c + 306. What is n(-26)?
-422
Let l(h) = 93*h + 715. Calculate l(-6).
157
Let p(n) = n**3 - 11*n**2 + 23*n - 59. Determine p(9).
-14
Let h(f) = -f**2 - 33*f - 128. What is h(-6)?
34
Let o(u) = u**3 + 4*u**2 - 29*u + 84. Give o(-8).
60
Let b(s) = -s**2 - 56*s - 294. Calculate b(-45).
201
Let z(v) = 112*v + 290. What is z(-3)?
-46
Let k(v) = v**3 - 35*v**2 + 69*v - 109. Give k(33).
-10
Let t(o) = -o**3 - 18*o**2 - 85*o - 1171. Give t(-17).
-15
Let q(k) = 50*k - 155. Calculate q(4).
45
Let z(q) = q**2 - q - 17. Determine z(7).
25
Let k(i) = 3*i**2 + 43*i + 40. Give k(-17).
176
Let i(q) = 5*q**2 - 61*q - 318. What is i(-4)?
6
Let w(s) = -307*s + 40818. Calculate w(133).
-13
Let s(a) = -7*a - 133. Determine s(-16).
-21
Let w(q) = 4*q**2 - 203*q + 1844. What is w(12)?
-16
Let h(x) = -x**3 - 3*x**2 + 26*x + 14. Give h(-7).
28
Let q(w) = -w**3 - 7*w**2 + 19*w + 22. What is q(-8)?
-66
Let m(c) = -c**3 + 4*c**2 + 7*c - 33. Calculate m(4).
-5
Let r(m) = 5*m**2 - 165*m - 61. What is r(34)?
109
Let s(u) = 4*u**3 - 7*u**2 + u + 15. Give s(2).
21
Let p(m) = 38*m + 310. Give p(-8).
6
Let p(n) = -43*n - 304. Calculate p(-7).
-3
Let t(g) = -47*g - 215. Determine t(-17).
584
Let k(r) = 75*r - 257. Calculate k(3).
-32
Let t(h) = -212*h + 129. What is t(2)?
-295
Let i(m) = -31*m**3 - m**2 + m + 3. Give i(-1).
32
Let c(v) = -70*v + 1136. Give c(16).
16
Let m(w) = -w + 88. Determine m(-15).
103
Let k(n) = -11*n**2 + 480*n - 928. Give k(2).
-12
Let f(o) = -40*o - 4362. Give f(-107).
-82
Let o(u) = -76*u + 2497. Give o(33).
-11
Let a(g) = -28*g + 227. Give a(-8).
451
Let t(c) = -c**2 + 48*c + 2554. What is t(-32)?
-6
Let a(o) = -8*o - 112. Calculate a(-2).
-96
Let f(d) = -d**3 - 34*d**2 - 65. Give f(-34).
-65
Let i(p) = 9*p**3 - 10*p**2 - 2*p + 1. Determine i(4).
409
Let b(w) = -w**2 + 98*w - 2138. Give b(34).
38
Let w(g) = 3*g**2 - 3786*g + 30101. What is w(8)?
5
Let r(x) = x**3 - 22*x**2 + 126*x - 80. Calculate r(12).
-8
Let p(u) = -51*u + 1126. Give p(20).
106
Let i(t) = 28*t - 2359. Determine i(81).
-91
Let s(g) = 72*g**2 - 215*g - 9. Calculate s(3).
-6
Let t(c) = 7*c**2 - 20*c - 742. Calculate t(-9).
5
Let x(h) = -4972*h - 49725. Calculate x(-10).
-5
Let b(i) = 24*i**2 - 96*i - 94. Calculate b(-1).
26
Let a(t) = -65*t + 71. Determine a(2).
-59
Let s(w) = 9653*w - 38607. What is s(4)?
5
Let f(o) = 4*o**3 + 28*o**2 - 18*o + 10. Calculate f(-8).
-102
Let h(a) = -2*a**2 - 56*a + 114. Give h(2).
-6
Let g(p) = 42*p - 34. What is g(7)?
260
Let t(g) = 526*g + 7376. Determine t(-14).
12
Let n(c) = c**2 - 173*c - 182. Calculate n(174).
-8
Let s(i) = 76*i**2 - 907*i + 10. What is s(12)?
70
Let p(j) = -2*j**3 - 4*j**2 - 9*j + 1. Determine p(-2).
19
Let l(j) = j**3 + 20*j**2 - 17*j + 36. What is l(-21)?
-48
Let j(z) = 88*z - 77. Determine j(1).
11
Let y(w) = 6*w**3 - 10*w**2 - 19*w + 40. Calculate y(4).
188
Let r(b) = 17*b - 554. Calculate r(34).
24
Let x(a) = -1668*a - 290231. Calculate x(-174).
1
Let k(a) = -2*a**3 - 42*a**2 + 2*a + 55. Calculate k(-21).
13
Let r(g) = -g**3 + 10*g**2 + 5*g - 4. Calculate r(0).
-4
Let s(m) = -m**3 + 105*m**2 - 107*m - 303. What is s(104)?
-615
Let u(l) = -36*l**2 - 1438*l + 1560. Determine u(-41).
2
Let l(f) = 42*f**2 + 4784*f - 203. What is l(-114)?
253
Let a(x) = -2*x**2 - 49*x + 73. Give a(-24).
97
Let x(o) = -o**3 + 15*o**2 + 128*o - 45. What is x(21)?
-3
Let h(s) = s**3 - 3*s**2 - 59*s + 238. Give h(4).
18
Let y(n) = n**3 + 48*n**2 - 92*n + 409. Calculate y(-50).
9
Let g(y) = 42*y**2 + 2727*y - 199. Determine g(-65).
-4
Let j(n) = n**3 + 11*n**2 - 23*n - 2. Give j(-13).
-41
Let c(s) = -s**2 - 48*s + 29. What is c(-49)?
-20
Let f(q) = 155*q + 5. Determine f(1).
160
Let n(v) = -v**2 + 199*v + 7135. Give n(-31).
5
Let a(f) = 57*f + 493. Calculate a(-5).
208
Let o(l) = -6420*l + 19249. Give o(3).
-11
Let m(c) = -2*c**2 + 8*c - 4. What is m(3)?
2
Let v(u) = u**3 - 74*u**2 - 299*u - 1008. Give v(78).
6
Let c(p) = -p**3 + p**2 + 32*p. Give c(-6).
60
Let u(h) = 2134*h - 12707. Determine u(6).
97
Let v(c) = -12*c**3 - 5*c**2 - 26*c + 52. Determine v(2).
-116
Let l(x) = -660*x - 6483. Calculate l(-10).
117
Let a(r) = 2*r**3 - r**2 + 19*r + 84. Calculate a(-5).
-286
Let q(r) = -r**3 - 53*r**2 - 538*r + 319. Determine q(-39).
7
Let f(u) = 3*u**2 - 20*u + 96. Determine f(6).
84
Let v(u) = 2*u**2 - 2*u - 305. Give v(-11).
-41
Let u(h) = -h**3 - 21*h**2 - 26*h + 128. Determine u(-20).
248
Let x(w) = -13*w - 224. Calculate x(-20).
36
Let b(u) = -6*u**3 + 20*u**2 - 15*u + 7. Calculate b(3).
-20
Let u(w) = -103*w - 449. Determine u(-4).
-37
Let q(k) = 3*k**3 + 39*k**2 + 55*k + 15. Calculate q(-1).
-4
Let m(s) = s**3 - 20*s**2 + 4*s + 8. Calculate m(19).
-277
Let t(r) = 48*r**2 - 3266*r + 113. Determine t(68).
-23
Let c(v) = v**2 + 2474*v - 14886. Determine c(6).
-6
Let z(s) = 2*s**3 + 9*s**2 - s - 8. What is z(-6)?
-110
Let d